{"id":12130,"date":"2014-09-24T10:44:43","date_gmt":"2014-09-24T10:44:43","guid":{"rendered":"https:\/\/keuthmann_new.vorschauseite.de\/?page_id=12130"},"modified":"2026-04-08T07:39:20","modified_gmt":"2026-04-08T05:39:20","slug":"qualitat","status":"publish","type":"page","link":"https:\/\/keuthmann.net\/?page_id=12130","title":{"rendered":"Qualit\u00e4t"},"content":{"rendered":"[fullwidth_text title=&#8221;Direkt vom Erzeuger&#8221; alt_background=&#8221;none&#8221; width=&#8221;1\/2&#8243; el_position=&#8221;first&#8221;]\n<p>Wir beziehen unsere Ware direkt vom Erzeuger. So k\u00f6nnen wir jederzeit sowohl besten Geschmack als auch knackige Frische f\u00fcr Sie garantieren. Langj\u00e4hrige Partnerschaften rund um den Globus garantieren eine gleichbleibende Qualit\u00e4t und sorgen unter anderem f\u00fcr zuverl\u00e4ssige Strukturen hinsichtlich Frische und Logistik.<\/p>\n<p>Wir lassen uns regelm\u00e4\u00dfig von unabh\u00e4ngigen Stellen pr\u00fcfen. Somit k\u00f6nnen wir Ihnen eine umfassende Qualit\u00e4tsgarantie geben. Nur hochwertige Waren, die den anspruchsvollen Marktstandards entsprechen, kommen in unsere K\u00fchlr\u00e4ume und zu unseren Kunden.<\/p>\n[\/fullwidth_text] [fullwidth_text title=&#8221;Unser Herkunftsnachweis&#8221; alt_background=&#8221;none&#8221; width=&#8221;1\/2&#8243; el_position=&#8221;last&#8221;]\n<p>F\u00fcr unsere und ihre Kontrolle sind alle Kartons mit einer Erzeugernummer versehen. Durch entsprechende Kennzeichnung und optimale Warenwirtschaft k\u00f6nnen wir daher jederzeit nachvollziehen, wann und von wem unsere Produkte hergestellt wurden. Zudem bescheinigen j\u00e4hrliche und externe Zertifizierungen unseren hohen Qualit\u00e4tsanspruch stets aufs neue.<\/p>\n[\/fullwidth_text] [spb_parallax parallax_type=&#8221;image&#8221; bg_image=&#8221;12287&#8243; bg_type=&#8221;cover&#8221; parallax_video_height=&#8221;video-height&#8221; parallax_video_overlay=&#8221;none&#8221; parallax_image_height=&#8221;content-height&#8221; parallax_image_movement=&#8221;fixed&#8221; parallax_image_speed=&#8221;0.5&#8243; padding_horizontal=&#8221;15&#8243; alt_background=&#8221;none&#8221; width=&#8221;1\/1&#8243; el_position=&#8221;first last&#8221;]\n<p>.<\/p>\n[\/spb_parallax] [spb_text_block title=&#8221;Maximale Produktsicherheit&#8221; pb_margin_bottom=&#8221;no&#8221; pb_border_bottom=&#8221;no&#8221; width=&#8221;1\/2&#8243; el_position=&#8221;first&#8221;]\n<p>Der International Food Standard (IFS) wurde 2003 von Vertretern des europ\u00e4ischen Lebensmitteleinzelhandels definiert. Er dient au\u00dferdem der \u00dcberpr\u00fcfung und Zertifizierung von Systemen zur Gew\u00e4hrleistung der Sicherheit von Lebensmitteln. Ferner unterst\u00fctzt er die \u00dcberwachung von Qualit\u00e4t und Konformit\u00e4t bei der Produktion von Lebensmitteln.<\/p>\n<p>Der IFS baut auf der bekannten Qualit\u00e4tsmanagement-Norm ISO 9001:2000 auf. Er beinhaltet zudem noch die Grunds\u00e4tze der &#8220;Guten Herstellungspraxis&#8221;. Dies spricht Punkte an wie Reinigung, Desinfektion, Sch\u00e4dlingsbek\u00e4mpfung, Wartung, Instandhaltung und Schulung sowie HACCP. Es wird verst\u00e4rkt Augenmerk auf Produktsicherheit und Hygiene, sowie Kundenzufriedenheit gelegt. Keuthmann ist seit 2008 nach diesem wichtigen Standard zertifiziert.<\/p>\n[\/spb_text_block] [spb_text_block title=&#8221;\u00d6kologisch zertifiziert&#8221; pb_margin_bottom=&#8221;no&#8221; pb_border_bottom=&#8221;no&#8221; width=&#8221;1\/2&#8243; el_position=&#8221;last&#8221;]\n<p>\u00d6kologische Produkte erfordern eine besondere Kontrolle. Zudem sind sie anspruchsvoller und ben\u00f6tigen eine sensible Behandlung bei Lagerung und Logistik. Wir sind EU-\u00d6ko-zertifiziert. Daher garantieren wir jederzeit einen fachgerechten, nachhaltigen Umgang mit unseren Lebensmitteln.<\/p>\n<p>Mit sorgf\u00e4ltig ausgesuchten Produzenten, die ihrerseits st\u00e4ndigen Kontrollen f\u00fcr Felder, B\u00f6den, Saatgut, D\u00fcnger, Wasser und Verpackungen unterliegen, entwickeln wir unser Nachhaltigkeitskonzept kontinuierlich weiter.<\/p>\n[\/spb_text_block] [spb_text_block title=&#8221;Nachhaltig und effizient&#8221; pb_margin_bottom=&#8221;no&#8221; pb_border_bottom=&#8221;no&#8221; width=&#8221;1\/2&#8243; el_position=&#8221;first&#8221;]\n<p>Sowohl vorausschauend und transparent, als auch fair und partnerschaftlich. Diese Prinzipien liegen uns besonders am Herzen. Gerade weil wir eine nachhaltige Unternehmenskultur pflegen, k\u00f6nnen wir verantwortungsbewusst und verbindlich handeln.<\/p>\n<p>Nachhaltigkeit bedeutet:<\/p>\n<ul>\n<li>So regional und saisonal wie m\u00f6glich &#8211; \u00f6kologisches Wirtschaften<\/li>\n<li>Verbindliche und ressourceneffiziente Prozesse<\/li>\n<li>Ausschlie\u00dflich langfristige Partnerschaften mit zertifizierten Unternehmen<\/li>\n<li>Transparenz &#8211; regelm\u00e4\u00dfige Vor-Ort-Besuche bei den Produzenten<\/li>\n<li>Gut geplante Logistik, direkte Wege und faire Handelspraktiken<\/li>\n<li>Soziale Verantwortung gegen\u00fcber Mitarbeitern und Gesellschaft<\/li>\n<\/ul>\n[\/spb_text_block] [spb_text_block title=&#8221;Verbindliche Qualit\u00e4tsziele&#8221; pb_margin_bottom=&#8221;no&#8221; pb_border_bottom=&#8221;no&#8221; width=&#8221;1\/2&#8243; el_position=&#8221;last&#8221;]\n<p>Verbindliche Qualit\u00e4tsziele und f\u00fcr alle Unternehmensbereiche definierte Prozessabl\u00e4ufe garantieren Ihnen jederzeit beste und gleichbleibende Qualit\u00e4t. Daher optimieren wir kontinuierlich das Angebot und die Prozesse.<\/p>\n<p>Unsere Qualit\u00e4tskriterien:<\/p>\n<ul>\n<li>Herkunftsnachweis f\u00fcr alle Produkte<\/li>\n<li>Verbindliche Qualit\u00e4tsziele, exakt definierte Prozesse<\/li>\n<li>St\u00e4ndige Dokumentation an allen HACCP-Pr\u00fcfpunkten<\/li>\n<li>Kontinuierliche Schulung unserer Mitarbeiter<\/li>\n<li>Speziell geschultes HACCP-Team<\/li>\n<li>Lieferanten-Audits und interne Audits<\/li>\n<li>St\u00e4ndige Warenkontrolle durch den Untersuchungsring Berlin<\/li>\n<li>Kontrollen durch das Veterin\u00e4r- und Lebensmittelaufsichtsamt Berlin-Mitte<\/li>\n<li>Kundenbefragungen<\/li>\n<\/ul>\n[\/spb_text_block] [boxed_content title=&#8221;ZERTIFIKATE&#8221; type=&#8221;whitestroke&#8221; pb_margin_bottom=&#8221;no&#8221; width=&#8221;1\/1&#8243; el_position=&#8221;first last&#8221;]\n<p><a href=\"https:\/\/keuthmann.net\/wp-content\/uploads\/2013\/10\/IFS-Peter-Keuthmann-DE.pdf\">IFS Zertifizierung<\/a> \/\/\u00a0<a href=\"https:\/\/keuthmann.net\/wp-content\/uploads\/2013\/10\/QS-Zertifikat-2025-Peter-Keuthmann.pdf\">QS Zertifizierung<\/a>\u00a0\/\/ <a href=\"https:\/\/keuthmann.net\/wp-content\/uploads\/2013\/10\/Oeko-Zertifikat_Peter-Keuthmann-GmbH_2026.pdf\">Bio-Bescheinigung<\/a> \/\/ <a href=\"https:\/\/keuthmann.net\/wp-content\/uploads\/2013\/10\/Untersuchungsring.pdf\">Untersuchungsring<\/a><\/p>\n<p>Ihr Ansprechpartner: Louisa Bischoff<\/p>\n<p>Mail: qm@keuthmann.net<\/p>\n[\/boxed_content]\n","protected":false},"excerpt":{"rendered":"<p>[fullwidth_text title=&#8221;Direkt vom Erzeuger&#8221; alt_background=&#8221;none&#8221; width=&#8221;1\/2&#8243; el_position=&#8221;first&#8221;] Wir beziehen unsere Ware direkt vom Erzeuger. So k\u00f6nnen wir jederzeit sowohl besten Geschmack als auch knackige Frische f\u00fcr Sie garantieren. Langj\u00e4hrige Partnerschaften rund um den Globus garantieren eine gleichbleibende Qualit\u00e4t und sorgen unter anderem f\u00fcr zuverl\u00e4ssige Strukturen hinsichtlich Frische und Logistik. Wir lassen uns regelm\u00e4\u00dfig von unabh\u00e4ngigen Stellen pr\u00fcfen. Somit k\u00f6nnen wir [&hellip;]<\/p>\n","protected":false},"author":1,"featured_media":0,"parent":0,"menu_order":0,"comment_status":"closed","ping_status":"closed","template":"","meta":{"_acf_changed":false,"footnotes":""},"acf":[],"yoast_head":"<!-- This site is optimized with the Yoast SEO plugin v22.4 - https:\/\/yoast.com\/wordpress\/plugins\/seo\/ -->\n<title>Qualit\u00e4t - Peter Keuthmann Frische Qualit\u00e4t Nachhaltigkeit<\/title>\n<meta name=\"description\" content=\"Langj\u00e4hrige Partnerschaften garantieren eine gleichbleibende Qualit\u00e4t. Sie sorgen f\u00fcr zuverl\u00e4ssige Strukturen hinsichtlich Frische und Logistik.\" \/>\n<meta name=\"robots\" content=\"index, follow, max-snippet:-1, max-image-preview:large, max-video-preview:-1\" \/>\n<link rel=\"canonical\" href=\"https:\/\/keuthmann.net\/?page_id=12130\" \/>\n<meta property=\"og:locale\" content=\"de_DE\" \/>\n<meta property=\"og:type\" content=\"article\" \/>\n<meta property=\"og:title\" content=\"Qualit\u00e4t - Peter Keuthmann Frische Qualit\u00e4t Nachhaltigkeit\" \/>\n<meta property=\"og:description\" content=\"Langj\u00e4hrige Partnerschaften garantieren eine gleichbleibende Qualit\u00e4t. Sie sorgen f\u00fcr zuverl\u00e4ssige Strukturen hinsichtlich Frische und Logistik.\" \/>\n<meta property=\"og:url\" content=\"https:\/\/keuthmann.net\/?page_id=12130\" \/>\n<meta property=\"og:site_name\" content=\"Keuthmann\" \/>\n<meta property=\"article:publisher\" content=\"https:\/\/www.facebook.com\/keuthmannberlin\/\" \/>\n<meta property=\"article:modified_time\" content=\"2026-04-08T05:39:20+00:00\" \/>\n<meta name=\"twitter:card\" content=\"summary_large_image\" \/>\n<meta name=\"twitter:label1\" content=\"Gesch\u00e4tzte Lesezeit\" \/>\n\t<meta name=\"twitter:data1\" content=\"3 Minuten\" \/>\n<script type=\"application\/ld+json\" class=\"yoast-schema-graph\">{\"@context\":\"https:\/\/schema.org\",\"@graph\":[{\"@type\":\"WebPage\",\"@id\":\"https:\/\/keuthmann.net\/?page_id=12130\",\"url\":\"https:\/\/keuthmann.net\/?page_id=12130\",\"name\":\"Qualit\u00e4t - Peter Keuthmann Frische Qualit\u00e4t Nachhaltigkeit\",\"isPartOf\":{\"@id\":\"https:\/\/keuthmann.net\/#website\"},\"datePublished\":\"2014-09-24T10:44:43+00:00\",\"dateModified\":\"2026-04-08T05:39:20+00:00\",\"description\":\"Langj\u00e4hrige Partnerschaften garantieren eine gleichbleibende Qualit\u00e4t. Sie sorgen f\u00fcr zuverl\u00e4ssige Strukturen hinsichtlich Frische und Logistik.\",\"breadcrumb\":{\"@id\":\"https:\/\/keuthmann.net\/?page_id=12130#breadcrumb\"},\"inLanguage\":\"de-DE\",\"potentialAction\":[{\"@type\":\"ReadAction\",\"target\":[\"https:\/\/keuthmann.net\/?page_id=12130\"]}]},{\"@type\":\"BreadcrumbList\",\"@id\":\"https:\/\/keuthmann.net\/?page_id=12130#breadcrumb\",\"itemListElement\":[{\"@type\":\"ListItem\",\"position\":1,\"name\":\"Startseite\",\"item\":\"https:\/\/keuthmann.net\/\"},{\"@type\":\"ListItem\",\"position\":2,\"name\":\"Qualit\u00e4t\"}]},{\"@type\":\"WebSite\",\"@id\":\"https:\/\/keuthmann.net\/#website\",\"url\":\"https:\/\/keuthmann.net\/\",\"name\":\"Keuthmann\",\"description\":\"Nat\u00fcrlich weltweit frisch\",\"publisher\":{\"@id\":\"https:\/\/keuthmann.net\/#organization\"},\"potentialAction\":[{\"@type\":\"SearchAction\",\"target\":{\"@type\":\"EntryPoint\",\"urlTemplate\":\"https:\/\/keuthmann.net\/?s={search_term_string}\"},\"query-input\":\"required name=search_term_string\"}],\"inLanguage\":\"de-DE\"},{\"@type\":\"Organization\",\"@id\":\"https:\/\/keuthmann.net\/#organization\",\"name\":\"Peter Keuthmann GmbH & Co.KG\",\"url\":\"https:\/\/keuthmann.net\/\",\"logo\":{\"@type\":\"ImageObject\",\"inLanguage\":\"de-DE\",\"@id\":\"https:\/\/keuthmann.net\/#\/schema\/logo\/image\/\",\"url\":\"https:\/\/keuthmann.net\/wp-content\/uploads\/2019\/11\/Logo_Slogan_RGB_3D.jpg\",\"contentUrl\":\"https:\/\/keuthmann.net\/wp-content\/uploads\/2019\/11\/Logo_Slogan_RGB_3D.jpg\",\"width\":2059,\"height\":500,\"caption\":\"Peter Keuthmann GmbH & Co.KG\"},\"image\":{\"@id\":\"https:\/\/keuthmann.net\/#\/schema\/logo\/image\/\"},\"sameAs\":[\"https:\/\/www.facebook.com\/keuthmannberlin\/\"]}]}<\/script>\n<!-- \/ Yoast SEO plugin. -->","yoast_head_json":{"title":"Qualit\u00e4t - Peter Keuthmann Frische Qualit\u00e4t Nachhaltigkeit","description":"Langj\u00e4hrige Partnerschaften garantieren eine gleichbleibende Qualit\u00e4t. Sie sorgen f\u00fcr zuverl\u00e4ssige Strukturen hinsichtlich Frische und Logistik.","robots":{"index":"index","follow":"follow","max-snippet":"max-snippet:-1","max-image-preview":"max-image-preview:large","max-video-preview":"max-video-preview:-1"},"canonical":"https:\/\/keuthmann.net\/?page_id=12130","og_locale":"de_DE","og_type":"article","og_title":"Qualit\u00e4t - Peter Keuthmann Frische Qualit\u00e4t Nachhaltigkeit","og_description":"Langj\u00e4hrige Partnerschaften garantieren eine gleichbleibende Qualit\u00e4t. Sie sorgen f\u00fcr zuverl\u00e4ssige Strukturen hinsichtlich Frische und Logistik.","og_url":"https:\/\/keuthmann.net\/?page_id=12130","og_site_name":"Keuthmann","article_publisher":"https:\/\/www.facebook.com\/keuthmannberlin\/","article_modified_time":"2026-04-08T05:39:20+00:00","twitter_card":"summary_large_image","twitter_misc":{"Gesch\u00e4tzte Lesezeit":"3 Minuten"},"schema":{"@context":"https:\/\/schema.org","@graph":[{"@type":"WebPage","@id":"https:\/\/keuthmann.net\/?page_id=12130","url":"https:\/\/keuthmann.net\/?page_id=12130","name":"Qualit\u00e4t - Peter Keuthmann Frische Qualit\u00e4t Nachhaltigkeit","isPartOf":{"@id":"https:\/\/keuthmann.net\/#website"},"datePublished":"2014-09-24T10:44:43+00:00","dateModified":"2026-04-08T05:39:20+00:00","description":"Langj\u00e4hrige Partnerschaften garantieren eine gleichbleibende Qualit\u00e4t. Sie sorgen f\u00fcr zuverl\u00e4ssige Strukturen hinsichtlich Frische und Logistik.","breadcrumb":{"@id":"https:\/\/keuthmann.net\/?page_id=12130#breadcrumb"},"inLanguage":"de-DE","potentialAction":[{"@type":"ReadAction","target":["https:\/\/keuthmann.net\/?page_id=12130"]}]},{"@type":"BreadcrumbList","@id":"https:\/\/keuthmann.net\/?page_id=12130#breadcrumb","itemListElement":[{"@type":"ListItem","position":1,"name":"Startseite","item":"https:\/\/keuthmann.net\/"},{"@type":"ListItem","position":2,"name":"Qualit\u00e4t"}]},{"@type":"WebSite","@id":"https:\/\/keuthmann.net\/#website","url":"https:\/\/keuthmann.net\/","name":"Keuthmann","description":"Nat\u00fcrlich weltweit frisch","publisher":{"@id":"https:\/\/keuthmann.net\/#organization"},"potentialAction":[{"@type":"SearchAction","target":{"@type":"EntryPoint","urlTemplate":"https:\/\/keuthmann.net\/?s={search_term_string}"},"query-input":"required name=search_term_string"}],"inLanguage":"de-DE"},{"@type":"Organization","@id":"https:\/\/keuthmann.net\/#organization","name":"Peter Keuthmann GmbH & Co.KG","url":"https:\/\/keuthmann.net\/","logo":{"@type":"ImageObject","inLanguage":"de-DE","@id":"https:\/\/keuthmann.net\/#\/schema\/logo\/image\/","url":"https:\/\/keuthmann.net\/wp-content\/uploads\/2019\/11\/Logo_Slogan_RGB_3D.jpg","contentUrl":"https:\/\/keuthmann.net\/wp-content\/uploads\/2019\/11\/Logo_Slogan_RGB_3D.jpg","width":2059,"height":500,"caption":"Peter Keuthmann GmbH & Co.KG"},"image":{"@id":"https:\/\/keuthmann.net\/#\/schema\/logo\/image\/"},"sameAs":["https:\/\/www.facebook.com\/keuthmannberlin\/"]}]}},"_links":{"self":[{"href":"https:\/\/keuthmann.net\/index.php?rest_route=\/wp\/v2\/pages\/12130"}],"collection":[{"href":"https:\/\/keuthmann.net\/index.php?rest_route=\/wp\/v2\/pages"}],"about":[{"href":"https:\/\/keuthmann.net\/index.php?rest_route=\/wp\/v2\/types\/page"}],"author":[{"embeddable":true,"href":"https:\/\/keuthmann.net\/index.php?rest_route=\/wp\/v2\/users\/1"}],"replies":[{"embeddable":true,"href":"https:\/\/keuthmann.net\/index.php?rest_route=%2Fwp%2Fv2%2Fcomments&post=12130"}],"version-history":[{"count":99,"href":"https:\/\/keuthmann.net\/index.php?rest_route=\/wp\/v2\/pages\/12130\/revisions"}],"predecessor-version":[{"id":14171,"href":"https:\/\/keuthmann.net\/index.php?rest_route=\/wp\/v2\/pages\/12130\/revisions\/14171"}],"wp:attachment":[{"href":"https:\/\/keuthmann.net\/index.php?rest_route=%2Fwp%2Fv2%2Fmedia&parent=12130"}],"curies":[{"name":"wp","href":"https:\/\/api.w.org\/{rel}","templated":true}]}}